{"id":1772,"date":"2025-09-30T13:26:28","date_gmt":"2025-09-30T11:26:28","guid":{"rendered":"https:\/\/karelhladis.cz\/blog\/?page_id=1772"},"modified":"2025-11-11T08:23:40","modified_gmt":"2025-11-11T07:23:40","slug":"newsletter","status":"publish","type":"page","link":"https:\/\/karelhladis.cz\/blog\/newsletter\/","title":{"rendered":"Newsletter &#8211; Sobotn\u00ed Solo Podnikatel"},"content":{"rendered":"<p>Jednou za \u010das pos\u00edl\u00e1m newsletter s t\u00e9matem, kter\u00e9 moment\u00e1ln\u011b \u0159e\u0161\u00edm. V\u00e1\u017e\u00edm si va\u0161eho \u010dasu stejn\u011b jako m\u00e9ho, proto se v\u017edy sna\u017e\u00edm b\u00fdt stru\u010dn\u00fd a v\u011bcn\u00fd. Budu se na v\u00e1s t\u011b\u0161it ve va\u0161\u00ed schr\u00e1nce.<\/p>\n<p><!-- Begin Mailchimp Signup Form --><\/p>\n<style type=\"text\/css\">\n\t#mc_embed_signup{background:#fff; clear:left; font:14px Helvetica,Arial,sans-serif;  width:600px;}<br \/>\t\/* Add your own Mailchimp form style overrides in your site stylesheet or in this style block.<br \/>\t   We recommend moving this block and the preceding CSS link to the HEAD of your HTML file. *\/<br \/><\/style>\n<div id=\"mc_embed_signup\">\n<form id=\"mc-embedded-subscribe-form\" class=\"validate\" action=\"https:\/\/onlinekarel.us8.list-manage.com\/subscribe\/post?u=d540804db0d3952e29186224e&amp;id=4f98fa11d8\" method=\"post\" name=\"mc-embedded-subscribe-form\" novalidate=\"\" target=\"_blank\">\n<div id=\"mc_embed_signup_scroll\">\n<h2>P\u0159ihla\u0161te se k odb\u011bru newsletteru<\/h2>\n<div class=\"mc-field-group\"><label for=\"mce-EMAIL\">V\u00e1\u0161 e-mail <span class=\"asterisk\">*<\/span><br \/>\n<\/label><br \/>\n<input id=\"mce-EMAIL\" class=\"required email\" name=\"EMAIL\" type=\"email\" value=\"\" \/><\/div>\n<div class=\"mc-field-group\"><label for=\"mce-FNAME\">Va\u0161e jm\u00e9no <span class=\"asterisk\">*<\/span><br \/>\n<\/label><br \/>\n<input id=\"mce-FNAME\" class=\"required\" name=\"FNAME\" type=\"text\" value=\"\" \/><\/div>\n<div hidden=\"true\"><input name=\"tags\" type=\"hidden\" value=\"4873253\" \/><\/div>\n<div id=\"mce-responses\" class=\"clear foot\">\n<div id=\"mce-error-response\" class=\"response\" style=\"display: none;\"><\/div>\n<div id=\"mce-success-response\" class=\"response\" style=\"display: none;\"><\/div>\n<div class=\"indicates-required\"><span class=\"asterisk\">*<\/span> povinn\u00e9<\/div>\n<\/div>\n<p><!-- real people should not fill this in and expect good things - do not remove this or risk form bot signups--><\/p>\n<div style=\"position: absolute; left: -5000px;\" aria-hidden=\"true\"><input tabindex=\"-1\" name=\"b_d540804db0d3952e29186224e_4f98fa11d8\" type=\"text\" value=\"\" \/><\/div>\n<div class=\"optionalParent\">\n<div class=\"clear foot\">\n<p><input id=\"mc-embedded-subscribe\" class=\"button\" name=\"subscribe\" type=\"submit\" value=\"P\u0159ihl\u00e1sit se\" \/><\/p>\n<p class=\"brandingLogo\"><a title=\"Mailchimp - email marketing made easy and fun\" href=\"http:\/\/eepurl.com\/h7XzUz\"><img decoding=\"async\" src=\"https:\/\/eep.io\/mc-cdn-images\/template_images\/branding_logo_text_dark_dtp.svg\" \/><\/a><\/p>\n<\/div>\n<\/div>\n<\/div>\n<\/form>\n<\/div>\n<p><script type=\"text\/javascript\" src=\"\/\/s3.amazonaws.com\/downloads.mailchimp.com\/js\/mc-validate.js\"><\/script><script type=\"text\/javascript\">(function($) {window.fnames = new Array(); window.ftypes = new Array();fnames[0]='EMAIL';ftypes[0]='email';fnames[1]='FNAME';ftypes[1]='text';fnames[2]='LNAME';ftypes[2]='text';fnames[3]='ADDRESS';ftypes[3]='address';fnames[4]='PHONE';ftypes[4]='phone';fnames[5]='BIRTHDAY';ftypes[5]='birthday'; \/*\n * Translated default messages for the $ validation plugin.\n * Locale: CS\n *\/\n$.extend($.validator.messages, {\n\trequired: \"Tento \u00fadaj je povinn\u00fd.\",\n\tremote: \"Pros\u00edm, opravte tento \u00fadaj.\",\n\temail: \"Pros\u00edm, zadejte platn\u00fd e-mail.\",\n\turl: \"Pros\u00edm, zadejte platn\u00e9 URL.\",\n\tdate: \"Pros\u00edm, zadejte platn\u00e9 datum.\",\n\tdateISO: \"Pros\u00edm, zadejte platn\u00e9 datum (ISO).\",\n\tnumber: \"Pros\u00edm, zadejte \u010d\u00edslo.\",\n\tdigits: \"Pros\u00edm, zad\u00e1vejte pouze \u010d\u00edslice.\",\n\tcreditcard: \"Pros\u00edm, zadejte \u010d\u00edslo kreditn\u00ed karty.\",\n\tequalTo: \"Pros\u00edm, zadejte znovu stejnou hodnotu.\",\n\taccept: \"Pros\u00edm, zadejte soubor se spr\u00e1vnou p\u0159\u00edponou.\",\n\tmaxlength: $.validator.format(\"Pros\u00edm, zadejte nejv\u00edce {0} znak\u016f.\"),\n\tminlength: $.validator.format(\"Pros\u00edm, zadejte nejm\u00e9n\u011b {0} znak\u016f.\"),\n\trangelength: $.validator.format(\"Pros\u00edm, zadejte od {0} do {1} znak\u016f.\"),\n\trange: $.validator.format(\"Pros\u00edm, zadejte hodnotu od {0} do {1}.\"),\n\tmax: $.validator.format(\"Pros\u00edm, zadejte hodnotu men\u0161\u00ed nebo rovnu {0}.\"),\n\tmin: $.validator.format(\"Pros\u00edm, zadejte hodnotu v\u011bt\u0161\u00ed nebo rovnu {0}.\")\n});}(jQuery));var $mcj = jQuery.noConflict(true);<\/script><br \/>\n<!--End mc_embed_signup--><\/p>\n<p>&#8222;Je to skv\u011bl\u00fd mail?&#8220; Na to se pt\u00e1m v\u017edy p\u0159ed t\u00edm, ne\u017e zm\u00e1\u010dknu Odeslat. A nema\u010dk\u00e1m ho d\u0159\u00edv, ne\u017e je moje odpov\u011b\u010f Ano.<\/p>\n","protected":false},"excerpt":{"rendered":"<p>Jednou za \u010das pos\u00edl\u00e1m newsletter s t\u00e9matem, kter\u00e9 moment\u00e1ln\u011b \u0159e\u0161\u00edm. V\u00e1\u017e\u00edm si va\u0161eho \u010dasu stejn\u011b jako m\u00e9ho, proto se v\u017edy sna\u017e\u00edm b\u00fdt stru\u010dn\u00fd a v\u011bcn\u00fd. Budu se na v\u00e1s t\u011b\u0161it ve va\u0161\u00ed schr\u00e1nce. P\u0159ihla\u0161te se k odb\u011bru newsletteru V\u00e1\u0161 e-mail * Va\u0161e jm\u00e9no * * povinn\u00e9 &#8222;Je to skv\u011bl\u00fd mail?&#8220; Na to se pt\u00e1m v\u017edy [&hellip;]<\/p>\n","protected":false},"author":1,"featured_media":0,"parent":0,"menu_order":0,"comment_status":"closed","ping_status":"closed","template":"","meta":{"footnotes":""},"class_list":["post-1772","page","type-page","status-publish","hentry"],"_links":{"self":[{"href":"https:\/\/karelhladis.cz\/blog\/wp-json\/wp\/v2\/pages\/1772","targetHints":{"allow":["GET"]}}],"collection":[{"href":"https:\/\/karelhladis.cz\/blog\/wp-json\/wp\/v2\/pages"}],"about":[{"href":"https:\/\/karelhladis.cz\/blog\/wp-json\/wp\/v2\/types\/page"}],"author":[{"embeddable":true,"href":"https:\/\/karelhladis.cz\/blog\/wp-json\/wp\/v2\/users\/1"}],"replies":[{"embeddable":true,"href":"https:\/\/karelhladis.cz\/blog\/wp-json\/wp\/v2\/comments?post=1772"}],"version-history":[{"count":5,"href":"https:\/\/karelhladis.cz\/blog\/wp-json\/wp\/v2\/pages\/1772\/revisions"}],"predecessor-version":[{"id":1781,"href":"https:\/\/karelhladis.cz\/blog\/wp-json\/wp\/v2\/pages\/1772\/revisions\/1781"}],"wp:attachment":[{"href":"https:\/\/karelhladis.cz\/blog\/wp-json\/wp\/v2\/media?parent=1772"}],"curies":[{"name":"wp","href":"https:\/\/api.w.org\/{rel}","templated":true}]}}